{"id":15,"date":"2014-07-20T17:40:56","date_gmt":"2014-07-20T15:40:56","guid":{"rendered":"http:\/\/www.lecristal.com\/testwp\/?page_id=15"},"modified":"2024-05-13T23:02:55","modified_gmt":"2024-05-13T21:02:55","slug":"le-cristal","status":"publish","type":"page","link":"http:\/\/www.lecristal.com\/?page_id=15","title":{"rendered":"Le CRISTAL   &#8211; 4 appartements"},"content":{"rendered":"\n<h2 class=\"wp-block-heading\"><strong><\/strong><\/h2>\n\n\n<div class=\"lgn_scs\">CHOISISSEZ VOTRE SEMAINE, EN CLIQUANT SUR UN&nbsp;CHALET CI-DESSOUS.<\/strong>\u261f<strong><\/div>\n\n\n<div class=\"wp-block-image\">\n<figure class=\"alignleft\"><a href=\"http:\/\/www.lecristal.com\/?page_id=59\"><img decoding=\"async\" width=\"300\" height=\"127\" src=\"http:\/\/www.lecristal.com\/wp-content\/uploads\/2014\/10\/chalet-12.13-pers1-300x127.jpg\" alt=\"\" class=\"wp-image-512\" srcset=\"http:\/\/www.lecristal.com\/wp-content\/uploads\/2014\/10\/chalet-12.13-pers1-300x127.jpg 300w, http:\/\/www.lecristal.com\/wp-content\/uploads\/2014\/10\/chalet-12.13-pers1-250x106.jpg 250w, http:\/\/www.lecristal.com\/wp-content\/uploads\/2014\/10\/chalet-12.13-pers1.jpg 509w\" sizes=\"(max-width: 300px) 100vw, 300px\" \/><\/a><\/figure>\n<\/div>\n\n<div class=\"wp-block-image\">\n<figure class=\"alignleft\"><a href=\"http:\/\/www.lecristal.com\/?page_id=64\"><img decoding=\"async\" width=\"300\" height=\"127\" src=\"http:\/\/www.lecristal.com\/wp-content\/uploads\/2014\/10\/chalet-8.10-pers1-300x127.jpg\" alt=\"\" class=\"wp-image-514\" srcset=\"http:\/\/www.lecristal.com\/wp-content\/uploads\/2014\/10\/chalet-8.10-pers1-300x127.jpg 300w, http:\/\/www.lecristal.com\/wp-content\/uploads\/2014\/10\/chalet-8.10-pers1-250x106.jpg 250w, http:\/\/www.lecristal.com\/wp-content\/uploads\/2014\/10\/chalet-8.10-pers1.jpg 509w\" sizes=\"(max-width: 300px) 100vw, 300px\" \/><\/a><\/figure>\n<\/div>\n\n<div class=\"wp-block-image\">\n<figure class=\"alignleft\"><a href=\"http:\/\/www.lecristal.com\/?page_id=66\"><img decoding=\"async\" width=\"300\" height=\"127\" src=\"http:\/\/www.lecristal.com\/wp-content\/uploads\/2014\/10\/chalet-8.10-pers1-300x127.jpg\" alt=\"\" class=\"wp-image-514\" srcset=\"http:\/\/www.lecristal.com\/wp-content\/uploads\/2014\/10\/chalet-8.10-pers1-300x127.jpg 300w, http:\/\/www.lecristal.com\/wp-content\/uploads\/2014\/10\/chalet-8.10-pers1-250x106.jpg 250w, http:\/\/www.lecristal.com\/wp-content\/uploads\/2014\/10\/chalet-8.10-pers1.jpg 509w\" sizes=\"(max-width: 300px) 100vw, 300px\" \/><\/a><\/figure>\n<\/div>\n\n<div class=\"wp-block-image\">\n<figure class=\"alignleft\"><a href=\"http:\/\/www.lecristal.com\/?page_id=68\"><img decoding=\"async\" width=\"300\" height=\"127\" src=\"http:\/\/www.lecristal.com\/wp-content\/uploads\/2014\/10\/chalet-6-pers1-300x127.jpg\" alt=\"\" class=\"wp-image-513\" srcset=\"http:\/\/www.lecristal.com\/wp-content\/uploads\/2014\/10\/chalet-6-pers1-300x127.jpg 300w, http:\/\/www.lecristal.com\/wp-content\/uploads\/2014\/10\/chalet-6-pers1-250x106.jpg 250w, http:\/\/www.lecristal.com\/wp-content\/uploads\/2014\/10\/chalet-6-pers1.jpg 509w\" sizes=\"(max-width: 300px) 100vw, 300px\" \/><\/a><\/figure>\n<\/div>\n\n\n<p><em><span style=\"color: #993300;\">Ce chalet moderne et ind\u00e9pendant comprend 3 duplex de 13 et 10 personnes et 1 appartement 6 personnes. Ils sont tous \u00e9quip\u00e9s en wifi.<\/span><\/em><\/p>\n\n\n\n<p><em><span style=\"color: #993300;\">Il&nbsp;se situe dans l&rsquo;agr\u00e9able petit village du Lavassaix, \u00e0 environ 800m &nbsp;du centre des Menuires (avec ses nombreux magasins, restaurants, bars,<span style=\"color: #3366ff;\"><strong><span style=\"text-decoration: underline;\"> <a style=\"color: #3366ff; text-decoration: underline;\" href=\"http:\/\/lesmenuires.com\/hiver\/activites\/centre-sportif-les-menuires\/\" target=\"_blank\" rel=\"noopener\">centre sportif<\/a><\/span>,<\/strong><\/span> sa patinoire, etc) et est entour\u00e9 de petits chalets authentiques en pierre naturelle<\/span><\/em><\/p>\n\n\n\n<p><em><span style=\"color: #993300;\">le jour de votre arriv\u00e9e vous pouvez d\u00e9guster &nbsp;le &nbsp;\u00ab\u00a0g\u00e9n\u00e9pi\u00a0\u00bb.<\/span><\/em><\/p>\n\n\n\n<p><em><span style=\"color: #993300;\">Matelas orthop\u00e9dique&nbsp; bio &nbsp; dans tout le chalet.<\/span><\/em><\/p>\n\n\n<div class=\"wp-block-image\">\n<figure class=\"aligncenter\"><a href=\"http:\/\/www.lecristal.com\/wp-content\/uploads\/2014\/08\/i83.jpg\"><img loading=\"lazy\" decoding=\"async\" width=\"300\" height=\"192\" src=\"http:\/\/www.lecristal.com\/wp-content\/uploads\/2014\/08\/i83-300x192.jpg\" alt=\"\" class=\"wp-image-397\" srcset=\"http:\/\/www.lecristal.com\/wp-content\/uploads\/2014\/08\/i83-300x192.jpg 300w, http:\/\/www.lecristal.com\/wp-content\/uploads\/2014\/08\/i83-250x160.jpg 250w, http:\/\/www.lecristal.com\/wp-content\/uploads\/2014\/08\/i83.jpg 500w\" sizes=\"(max-width: 300px) 100vw, 300px\" \/><\/a><\/figure>\n<\/div>\n\n\n<p><em><span style=\"color: #993300;\">Parking &nbsp;gratuit, &nbsp;priv\u00e9 et d\u00e9neig\u00e9 &nbsp;devant le chalet.<\/span><\/em><br><em><span style=\"color: #993300;\"><\/span><\/em><em><span style=\"color: #993300;\">Les grands balcons expos\u00e9s plein&nbsp;sud offrent une vue magnifique sur le glacier de Val Thorens et sur le massif de&nbsp;la Masse.<\/span><\/em><\/p>\n\n\n<div class=\"wp-block-image\">\n<figure class=\"alignleft\"><a href=\"http:\/\/www.lecristal.com\/wp-content\/uploads\/2014\/07\/Cristaux-4-27.jpg\"><img loading=\"lazy\" decoding=\"async\" width=\"300\" height=\"199\" src=\"http:\/\/www.lecristal.com\/wp-content\/uploads\/2014\/07\/Cristaux-4-27-300x199.jpg\" alt=\"\" class=\"wp-image-675\" srcset=\"http:\/\/www.lecristal.com\/wp-content\/uploads\/2014\/07\/Cristaux-4-27-300x199.jpg 300w, http:\/\/www.lecristal.com\/wp-content\/uploads\/2014\/07\/Cristaux-4-27-1024x681.jpg 1024w\" sizes=\"(max-width: 300px) 100vw, 300px\" \/><\/a><\/figure>\n<\/div>\n\n<div class=\"wp-block-image\">\n<figure class=\"alignleft\"><a href=\"http:\/\/www.lecristal.com\/wp-content\/uploads\/2014\/07\/Cristaux-4-28.jpg\"><img loading=\"lazy\" decoding=\"async\" width=\"300\" height=\"199\" src=\"http:\/\/www.lecristal.com\/wp-content\/uploads\/2014\/07\/Cristaux-4-28-300x199.jpg\" alt=\"\" class=\"wp-image-671\" srcset=\"http:\/\/www.lecristal.com\/wp-content\/uploads\/2014\/07\/Cristaux-4-28-300x199.jpg 300w, http:\/\/www.lecristal.com\/wp-content\/uploads\/2014\/07\/Cristaux-4-28-1024x682.jpg 1024w\" sizes=\"(max-width: 300px) 100vw, 300px\" \/><\/a><\/figure>\n<\/div>\n\n<div class=\"wp-block-image\">\n<figure class=\"alignleft\"><a href=\"http:\/\/www.lecristal.com\/wp-content\/uploads\/2014\/07\/Cristaux-4-29.jpg\"><img loading=\"lazy\" decoding=\"async\" width=\"300\" height=\"200\" src=\"http:\/\/www.lecristal.com\/wp-content\/uploads\/2014\/07\/Cristaux-4-29-300x200.jpg\" alt=\"\" class=\"wp-image-690\" srcset=\"http:\/\/www.lecristal.com\/wp-content\/uploads\/2014\/07\/Cristaux-4-29-300x200.jpg 300w, http:\/\/www.lecristal.com\/wp-content\/uploads\/2014\/07\/Cristaux-4-29-1024x682.jpg 1024w\" sizes=\"(max-width: 300px) 100vw, 300px\" \/><\/a><\/figure>\n<\/div>\n\n\n<p><span style=\"color: #993300;\"><em>L&rsquo;espace \u00ab\u00a0bien \u00eatre\u00a0\u00bb au rez-de -chauss\u00e9s, avec sauna, salle de repos, douche et wc<\/em><\/span><\/p>\n\n\n\n<p><span style=\"color: #993300;\"><em>Cet &nbsp;espace est \u00e0 la disposition exclusive des locataires (inclus dans le prix de la location)<\/em><\/span><\/p>\n\n\n\n<p><em><span style=\"color: #993300;\">Les appartements sont \u00e0&nbsp;louer s\u00e9par\u00e9ment,mais&nbsp;la location de l&rsquo;ensemble du chalet convient \u00e0 des groupes jusqu&rsquo;\u00e0 39 personnes.<\/span><\/em><\/p>\n\n\n\n<p><strong><em><span style=\"color: #993300;\"> Pour des groupes encore plus importants, il est \u00e9ventuellement possible de louer en plus certains appartements dans les chalets GENEPI et &nbsp;CHAMOIS<\/span><\/em><\/strong><\/p>\n\n\n\n<p><strong><em><span style=\"color: #993300;\">service de navettes gratuite &nbsp;arr\u00eat a &nbsp;250 m &nbsp; &nbsp;toutes les &nbsp;20 mn.<\/span><\/em><\/strong><\/p>\n\n\n\n<p><em><span style=\"\"><font color=\"#993300\">taxes <\/font><\/span><span style=\"color: #993300;\">s\u00e9jour + annexes &nbsp;: &nbsp;20 \u20ac \/ adulte + de &nbsp;18 ans\/semaine<\/span><\/em><\/p>\n\n\n\n<p><em><span style=\"\"><font color=\"#993300\">location de draps : \u00a015 \u20ac par personne\/semaine<\/font><\/span><\/em><\/p>\n\n\n\n<p><em><span style=\"\"><font color=\"#993300\">Serviettes 7\u20ac<em><span style=\"\"><font color=\"#993300\">\/semaine<\/font><\/span><\/em><\/font><\/span><\/em><\/p>\n\n\n\n<p><em><span style=\"\"><font color=\"#993300\">Lit de b\u00e9b\u00e9: &nbsp;30 \u20ac<em><span style=\"\"><font color=\"#993300\">\/semaine<\/font><\/span><\/em><\/font><\/span><\/em><\/p>\n\n\n\n<p><em><span style=\"\"><font color=\"#993300\">Chaise haute 20\u20ac<em><span style=\"\"><font color=\"#993300\">\/semaine<\/font><\/span><\/em><\/font><\/span><\/em><\/p>\n\n\n\n<p><em><span style=\"\"><font color=\"#993300\">Animaux <\/font><\/span><span style=\"color: #993300;\">accept\u00e9s 20\u20ac\/animal<\/span><span style=\"\"><font color=\"#993300\">\/semaine<\/font><\/span><\/em><\/p>\n\n\n\n<p><em><span style=\"color: #993300;\">wifi : GRATUIT<\/span><\/em><\/p>\n\n\n\n<p><em><span style=\"color: #993300;\">possibilit\u00e9 d&#8217;emprunter appareil &nbsp;,raclette et fondue sur r\u00e9servation.<\/span><\/em><\/p>\n\n\n\n<p class=\"has-text-align-left\"><span style=\"color: #993300;\">location de mat\u00e9riel de ski &nbsp; &nbsp;<strong>&nbsp;-20%<\/strong><\/span><strong>&nbsp; <\/strong><span style=\"color: #993300;\">chez&nbsp;<\/span><\/p>\n\n\n<div class=\"wp-block-image\">\n<figure class=\"alignleft\"><a href=\"https:\/\/www.ski-top-menuires.com\/\"><img loading=\"lazy\" decoding=\"async\" width=\"181\" height=\"163\" src=\"http:\/\/www.lecristal.com\/wp-content\/uploads\/2014\/10\/logo-skitop.jpg\" alt=\"logo skitop\" class=\"wp-image-511\"\/><\/a><\/figure>\n<\/div>\n\n\n<p class=\"has-text-align-left\"><span style=\"color: #993300;\"><br><\/span><\/p>\n","protected":false},"excerpt":{"rendered":"<p>Ce chalet moderne et ind\u00e9pendant comprend 3 duplex de 13 et 10 personnes et 1 appartement 6 personnes. Ils sont tous \u00e9quip\u00e9s en wifi. Il&nbsp;se situe dans l&rsquo;agr\u00e9able petit village du Lavassaix, \u00e0 environ 800m &nbsp;du centre des Menuires (avec ses nombreux magasins, restaurants, bars, centre sportif, sa patinoire, etc) et est entour\u00e9 de petits<br \/><a class=\"moretag\" href=\"http:\/\/www.lecristal.com\/?page_id=15\">+ Lire la suite<\/a><\/p>\n","protected":false},"author":1,"featured_media":0,"parent":0,"menu_order":1,"comment_status":"closed","ping_status":"closed","template":"","meta":{"ngg_post_thumbnail":0,"footnotes":""},"class_list":["post-15","page","type-page","status-publish","hentry"],"_links":{"self":[{"href":"http:\/\/www.lecristal.com\/index.php?rest_route=\/wp\/v2\/pages\/15","targetHints":{"allow":["GET"]}}],"collection":[{"href":"http:\/\/www.lecristal.com\/index.php?rest_route=\/wp\/v2\/pages"}],"about":[{"href":"http:\/\/www.lecristal.com\/index.php?rest_route=\/wp\/v2\/types\/page"}],"author":[{"embeddable":true,"href":"http:\/\/www.lecristal.com\/index.php?rest_route=\/wp\/v2\/users\/1"}],"replies":[{"embeddable":true,"href":"http:\/\/www.lecristal.com\/index.php?rest_route=%2Fwp%2Fv2%2Fcomments&post=15"}],"version-history":[{"count":71,"href":"http:\/\/www.lecristal.com\/index.php?rest_route=\/wp\/v2\/pages\/15\/revisions"}],"predecessor-version":[{"id":1083,"href":"http:\/\/www.lecristal.com\/index.php?rest_route=\/wp\/v2\/pages\/15\/revisions\/1083"}],"wp:attachment":[{"href":"http:\/\/www.lecristal.com\/index.php?rest_route=%2Fwp%2Fv2%2Fmedia&parent=15"}],"curies":[{"name":"wp","href":"https:\/\/api.w.org\/{rel}","templated":true}]}}

<h2 class="wp-block-heading"><strong></strong></h2>


<div class="lgn_scs">CHOISISSEZ VOTRE SEMAINE, EN CLIQUANT SUR UN&nbsp;CHALET CI-DESSOUS.</strong>☟<strong></div>


<div class="wp-block-image">
<figure class="alignleft"><a href="http://www.lecristal.com/?page_id=59"><img decoding="async" width="300" height="127" src="http://www.lecristal.com/wp-content/uploads/2014/10/chalet-12.13-pers1-300x127.jpg" alt="" class="wp-image-512" srcset="http://www.lecristal.com/wp-content/uploads/2014/10/chalet-12.13-pers1-300x127.jpg 300w, http://www.lecristal.com/wp-content/uploads/2014/10/chalet-12.13-pers1-250x106.jpg 250w, http://www.lecristal.com/wp-content/uploads/2014/10/chalet-12.13-pers1.jpg 509w" sizes="(max-width: 300px) 100vw, 300px" /></a></figure>
</div>

<div class="wp-block-image">
<figure class="alignleft"><a href="http://www.lecristal.com/?page_id=64"><img decoding="async" width="300" height="127" src="http://www.lecristal.com/wp-content/uploads/2014/10/chalet-8.10-pers1-300x127.jpg" alt="" class="wp-image-514" srcset="http://www.lecristal.com/wp-content/uploads/2014/10/chalet-8.10-pers1-300x127.jpg 300w, http://www.lecristal.com/wp-content/uploads/2014/10/chalet-8.10-pers1-250x106.jpg 250w, http://www.lecristal.com/wp-content/uploads/2014/10/chalet-8.10-pers1.jpg 509w" sizes="(max-width: 300px) 100vw, 300px" /></a></figure>
</div>

<div class="wp-block-image">
<figure class="alignleft"><a href="http://www.lecristal.com/?page_id=66"><img decoding="async" width="300" height="127" src="http://www.lecristal.com/wp-content/uploads/2014/10/chalet-8.10-pers1-300x127.jpg" alt="" class="wp-image-514" srcset="http://www.lecristal.com/wp-content/uploads/2014/10/chalet-8.10-pers1-300x127.jpg 300w, http://www.lecristal.com/wp-content/uploads/2014/10/chalet-8.10-pers1-250x106.jpg 250w, http://www.lecristal.com/wp-content/uploads/2014/10/chalet-8.10-pers1.jpg 509w" sizes="(max-width: 300px) 100vw, 300px" /></a></figure>
</div>

<div class="wp-block-image">
<figure class="alignleft"><a href="http://www.lecristal.com/?page_id=68"><img decoding="async" width="300" height="127" src="http://www.lecristal.com/wp-content/uploads/2014/10/chalet-6-pers1-300x127.jpg" alt="" class="wp-image-513" srcset="http://www.lecristal.com/wp-content/uploads/2014/10/chalet-6-pers1-300x127.jpg 300w, http://www.lecristal.com/wp-content/uploads/2014/10/chalet-6-pers1-250x106.jpg 250w, http://www.lecristal.com/wp-content/uploads/2014/10/chalet-6-pers1.jpg 509w" sizes="(max-width: 300px) 100vw, 300px" /></a></figure>
</div>


<p><em><span style="color: #993300;">Ce chalet moderne et indépendant comprend 3 duplex de 13 et 10 personnes et 1 appartement 6 personnes. Ils sont tous équipés en wifi.</span></em></p>



<p><em><span style="color: #993300;">Il&nbsp;se situe dans l&rsquo;agréable petit village du Lavassaix, à environ 800m &nbsp;du centre des Menuires (avec ses nombreux magasins, restaurants, bars,<span style="color: #3366ff;"><strong><span style="text-decoration: underline;"> <a style="color: #3366ff; text-decoration: underline;" href="http://lesmenuires.com/hiver/activites/centre-sportif-les-menuires/" target="_blank" rel="noopener">centre sportif</a></span>,</strong></span> sa patinoire, etc) et est entouré de petits chalets authentiques en pierre naturelle</span></em></p>



<p><em><span style="color: #993300;">le jour de votre arrivée vous pouvez déguster &nbsp;le &nbsp;« génépi ».</span></em></p>



<p><em><span style="color: #993300;">Matelas orthopédique&nbsp; bio &nbsp; dans tout le chalet.</span></em></p>


<div class="wp-block-image">
<figure class="aligncenter"><a href="http://www.lecristal.com/wp-content/uploads/2014/08/i83.jpg"><img loading="lazy" decoding="async" width="300" height="192" src="http://www.lecristal.com/wp-content/uploads/2014/08/i83-300x192.jpg" alt="" class="wp-image-397" srcset="http://www.lecristal.com/wp-content/uploads/2014/08/i83-300x192.jpg 300w, http://www.lecristal.com/wp-content/uploads/2014/08/i83-250x160.jpg 250w, http://www.lecristal.com/wp-content/uploads/2014/08/i83.jpg 500w" sizes="(max-width: 300px) 100vw, 300px" /></a></figure>
</div>


<p><em><span style="color: #993300;">Parking &nbsp;gratuit, &nbsp;privé et déneigé &nbsp;devant le chalet.</span></em><br><em><span style="color: #993300;"></span></em><em><span style="color: #993300;">Les grands balcons exposés plein&nbsp;sud offrent une vue magnifique sur le glacier de Val Thorens et sur le massif de&nbsp;la Masse.</span></em></p>


<div class="wp-block-image">
<figure class="alignleft"><a href="http://www.lecristal.com/wp-content/uploads/2014/07/Cristaux-4-27.jpg"><img loading="lazy" decoding="async" width="300" height="199" src="http://www.lecristal.com/wp-content/uploads/2014/07/Cristaux-4-27-300x199.jpg" alt="" class="wp-image-675" srcset="http://www.lecristal.com/wp-content/uploads/2014/07/Cristaux-4-27-300x199.jpg 300w, http://www.lecristal.com/wp-content/uploads/2014/07/Cristaux-4-27-1024x681.jpg 1024w" sizes="(max-width: 300px) 100vw, 300px" /></a></figure>
</div>

<div class="wp-block-image">
<figure class="alignleft"><a href="http://www.lecristal.com/wp-content/uploads/2014/07/Cristaux-4-28.jpg"><img loading="lazy" decoding="async" width="300" height="199" src="http://www.lecristal.com/wp-content/uploads/2014/07/Cristaux-4-28-300x199.jpg" alt="" class="wp-image-671" srcset="http://www.lecristal.com/wp-content/uploads/2014/07/Cristaux-4-28-300x199.jpg 300w, http://www.lecristal.com/wp-content/uploads/2014/07/Cristaux-4-28-1024x682.jpg 1024w" sizes="(max-width: 300px) 100vw, 300px" /></a></figure>
</div>

<div class="wp-block-image">
<figure class="alignleft"><a href="http://www.lecristal.com/wp-content/uploads/2014/07/Cristaux-4-29.jpg"><img loading="lazy" decoding="async" width="300" height="200" src="http://www.lecristal.com/wp-content/uploads/2014/07/Cristaux-4-29-300x200.jpg" alt="" class="wp-image-690" srcset="http://www.lecristal.com/wp-content/uploads/2014/07/Cristaux-4-29-300x200.jpg 300w, http://www.lecristal.com/wp-content/uploads/2014/07/Cristaux-4-29-1024x682.jpg 1024w" sizes="(max-width: 300px) 100vw, 300px" /></a></figure>
</div>


<p><span style="color: #993300;"><em>L&rsquo;espace « bien être » au rez-de -chaussés, avec sauna, salle de repos, douche et wc</em></span></p>



<p><span style="color: #993300;"><em>Cet &nbsp;espace est à la disposition exclusive des locataires (inclus dans le prix de la location)</em></span></p>



<p><em><span style="color: #993300;">Les appartements sont à&nbsp;louer séparément,mais&nbsp;la location de l&rsquo;ensemble du chalet convient à des groupes jusqu&rsquo;à 39 personnes.</span></em></p>



<p><strong><em><span style="color: #993300;"> Pour des groupes encore plus importants, il est éventuellement possible de louer en plus certains appartements dans les chalets GENEPI et &nbsp;CHAMOIS</span></em></strong></p>



<p><strong><em><span style="color: #993300;">service de navettes gratuite &nbsp;arrêt a &nbsp;250 m &nbsp; &nbsp;toutes les &nbsp;20 mn.</span></em></strong></p>



<p><em><span style=""><font color="#993300">taxes </font></span><span style="color: #993300;">séjour + annexes &nbsp;: &nbsp;20 € / adulte + de &nbsp;18 ans/semaine</span></em></p>



<p><em><span style=""><font color="#993300">location de draps :  15 € par personne/semaine</font></span></em></p>



<p><em><span style=""><font color="#993300">Serviettes 7€<em><span style=""><font color="#993300">/semaine</font></span></em></font></span></em></p>



<p><em><span style=""><font color="#993300">Lit de bébé: &nbsp;30 €<em><span style=""><font color="#993300">/semaine</font></span></em></font></span></em></p>



<p><em><span style=""><font color="#993300">Chaise haute 20€<em><span style=""><font color="#993300">/semaine</font></span></em></font></span></em></p>



<p><em><span style=""><font color="#993300">Animaux </font></span><span style="color: #993300;">acceptés 20€/animal</span><span style=""><font color="#993300">/semaine</font></span></em></p>



<p><em><span style="color: #993300;">wifi : GRATUIT</span></em></p>



<p><em><span style="color: #993300;">possibilité d&#8217;emprunter appareil &nbsp;,raclette et fondue sur réservation.</span></em></p>



<p class="has-text-align-left"><span style="color: #993300;">location de matériel de ski &nbsp; &nbsp;<strong>&nbsp;-20%</strong></span><strong>&nbsp; </strong><span style="color: #993300;">chez&nbsp;</span></p>


<div class="wp-block-image">
<figure class="alignleft"><a href="https://www.ski-top-menuires.com/"><img loading="lazy" decoding="async" width="181" height="163" src="http://www.lecristal.com/wp-content/uploads/2014/10/logo-skitop.jpg" alt="logo skitop" class="wp-image-511"/></a></figure>
</div>


<p class="has-text-align-left"><span style="color: #993300;"><br></span></p>

<p>Ce chalet moderne et indépendant comprend 3 duplex de 13 et 10 personnes et 1 appartement 6 personnes. Ils sont tous équipés en wifi. Il&nbsp;se situe dans l&rsquo;agréable petit village du Lavassaix, à environ 800m &nbsp;du centre des Menuires (avec ses nombreux magasins, restaurants, bars, centre sportif, sa patinoire, etc) et est entouré de petits<br /><a class="moretag" href="http://www.lecristal.com/?page_id=15">+ Lire la suite</a></p>
