{"id":497,"date":"2014-10-13T09:40:29","date_gmt":"2014-10-13T07:40:29","guid":{"rendered":"http:\/\/www.lecristal.com\/testwp\/?page_id=497"},"modified":"2016-12-31T12:43:46","modified_gmt":"2016-12-31T10:43:46","slug":"conditions-generales-de-location","status":"publish","type":"page","link":"https:\/\/www.lecristal.com\/?page_id=497","title":{"rendered":"Conditions g\u00e9n\u00e9rales de location."},"content":{"rendered":"<p><span style=\"color: #993300;\">Cette location est consentie aux conditions g\u00e9n\u00e9rales de location.<\/span><\/p>\n<p><span style=\"color: #993300;\"> DUR\u00c9E; la location est consentie pour la p\u00e9riode d\u00e9finie: \u00e0 16 Heures &nbsp;le jour de l&rsquo;arriv\u00e9e &nbsp;\u00e0 9 Heures le jour du &nbsp;d\u00e9part.&nbsp;<\/span><\/p>\n<p><span style=\"color: #993300;\"> Elle pourra \u00eatre prolong\u00e9e, avec accord \u00e9crit au pr\u00e9alable du propri\u00e9taire.<\/span><\/p>\n<p><span style=\"color: #993300;\"> ANNULATION : Toute annulation doit \u00eatre notifi\u00e9e par lettre recommand\u00e9e au propri\u00e9taire.<\/span><br \/>\n<span style=\"color: #993300;\"> L&rsquo;acompte reste acquis au propri\u00e9taire celui-ci pourra demander le solde du montant du<\/span><br \/>\n<span style=\"color: #993300;\"> s\u00e9jour, si l&rsquo;annulation intervient moins de 30 jours avant la date pr\u00e9vue d&rsquo;entr\u00e9e dans les<\/span><br \/>\n<span style=\"color: #993300;\"> lieux.<\/span><br \/>\n<span style=\"color: #993300;\"> ACOMPTE 25 % &nbsp;a la r\u00e9servation; le solde 3 semaines avant l&rsquo;arriv\u00e9e ou lors de la remise des cl\u00e9s.<\/span><br \/>\n<span style=\"color: #993300;\"> CAUTION : 250&nbsp; \u20ac&nbsp;&nbsp;&nbsp;&nbsp;&nbsp;&nbsp;<\/span><\/p>\n<p><span style=\"color: #993300;\"> <strong>Pour le Cristal 15&nbsp;Euros de frais par adulte pour frais de dossier et taxe de s\u00e9jour&nbsp; + de 13 ans<\/strong><\/span><\/p>\n<p><span style=\"color: #993300;\">Pour le G\u00e9n\u00e9pi et le Chamois 10&nbsp;\u20ac de frais par adulte pour frais de dossier et taxe de s\u00e9jour +de 13 ans.&nbsp;&nbsp; \u00e0 payer sur place.<\/span><\/p>\n","protected":false},"excerpt":{"rendered":"<p>Cette location est consentie aux conditions g\u00e9n\u00e9rales de location. DUR\u00c9E; la location est consentie pour la p\u00e9riode d\u00e9finie: \u00e0 16 Heures &nbsp;le jour de l&rsquo;arriv\u00e9e &nbsp;\u00e0 9 Heures le jour du &nbsp;d\u00e9part.&nbsp; Elle pourra \u00eatre prolong\u00e9e, avec accord \u00e9crit au pr\u00e9alable du propri\u00e9taire. ANNULATION : Toute annulation doit \u00eatre notifi\u00e9e par lettre recommand\u00e9e au propri\u00e9taire.<br \/><a class=\"moretag\" href=\"https:\/\/www.lecristal.com\/?page_id=497\">+ Lire la suite<\/a><\/p>\n","protected":false},"author":1,"featured_media":0,"parent":0,"menu_order":0,"comment_status":"closed","ping_status":"closed","template":"","meta":{"ngg_post_thumbnail":0,"footnotes":""},"class_list":["post-497","page","type-page","status-publish","hentry"],"_links":{"self":[{"href":"https:\/\/www.lecristal.com\/index.php?rest_route=\/wp\/v2\/pages\/497","targetHints":{"allow":["GET"]}}],"collection":[{"href":"https:\/\/www.lecristal.com\/index.php?rest_route=\/wp\/v2\/pages"}],"about":[{"href":"https:\/\/www.lecristal.com\/index.php?rest_route=\/wp\/v2\/types\/page"}],"author":[{"embeddable":true,"href":"https:\/\/www.lecristal.com\/index.php?rest_route=\/wp\/v2\/users\/1"}],"replies":[{"embeddable":true,"href":"https:\/\/www.lecristal.com\/index.php?rest_route=%2Fwp%2Fv2%2Fcomments&post=497"}],"version-history":[{"count":6,"href":"https:\/\/www.lecristal.com\/index.php?rest_route=\/wp\/v2\/pages\/497\/revisions"}],"predecessor-version":[{"id":1004,"href":"https:\/\/www.lecristal.com\/index.php?rest_route=\/wp\/v2\/pages\/497\/revisions\/1004"}],"wp:attachment":[{"href":"https:\/\/www.lecristal.com\/index.php?rest_route=%2Fwp%2Fv2%2Fmedia&parent=497"}],"curies":[{"name":"wp","href":"https:\/\/api.w.org\/{rel}","templated":true}]}}

Conditions générales de location.

<p><span style="color: #993300;">Cette location est consentie aux conditions générales de location.</span></p>
<p><span style="color: #993300;"> DURÉE; la location est consentie pour la période définie: à 16 Heures &nbsp;le jour de l&rsquo;arrivée &nbsp;à 9 Heures le jour du &nbsp;départ.&nbsp;</span></p>
<p><span style="color: #993300;"> Elle pourra être prolongée, avec accord écrit au préalable du propriétaire.</span></p>
<p><span style="color: #993300;"> ANNULATION : Toute annulation doit être notifiée par lettre recommandée au propriétaire.</span><br />
<span style="color: #993300;"> L&rsquo;acompte reste acquis au propriétaire celui-ci pourra demander le solde du montant du</span><br />
<span style="color: #993300;"> séjour, si l&rsquo;annulation intervient moins de 30 jours avant la date prévue d&rsquo;entrée dans les</span><br />
<span style="color: #993300;"> lieux.</span><br />
<span style="color: #993300;"> ACOMPTE 25 % &nbsp;a la réservation; le solde 3 semaines avant l&rsquo;arrivée ou lors de la remise des clés.</span><br />
<span style="color: #993300;"> CAUTION : 250&nbsp; €&nbsp;&nbsp;&nbsp;&nbsp;&nbsp;&nbsp;</span></p>
<p><span style="color: #993300;"> <strong>Pour le Cristal 15&nbsp;Euros de frais par adulte pour frais de dossier et taxe de séjour&nbsp; + de 13 ans</strong></span></p>
<p><span style="color: #993300;">Pour le Génépi et le Chamois 10&nbsp;€ de frais par adulte pour frais de dossier et taxe de séjour +de 13 ans.&nbsp;&nbsp; à payer sur place.</span></p>

<p>Cette location est consentie aux conditions générales de location. DURÉE; la location est consentie pour la période définie: à 16 Heures &nbsp;le jour de l&rsquo;arrivée &nbsp;à 9 Heures le jour du &nbsp;départ.&nbsp; Elle pourra être prolongée, avec accord écrit au préalable du propriétaire. ANNULATION : Toute annulation doit être notifiée par lettre recommandée au propriétaire.<br /><a class="moretag" href="https://www.lecristal.com/?page_id=497">+ Lire la suite</a></p>
